?
91
What is the greatest common divisor of 655070 and 13?
13
What is the greatest common factor of 14 and 103957?
7
Calculate the greatest common factor of 24240 and 36966.
606
What is the highest common factor of 2737 and 4025?
161
Calculate the highest common factor of 336 and 280.
56
Calculate the highest common factor of 14842 and 533.
41
What is the greatest common factor of 580 and 21860?
20
What is the highest common factor of 580446 and 486?
162
What is the greatest common factor of 1378 and 2004301?
689
What is the greatest common factor of 110 and 115082?
22
Calculate the greatest common factor of 580 and 27500.
20
Calculate the highest common factor of 2538 and 6862.
94
Calculate the greatest common factor of 89386 and 68.
34
What is the highest common factor of 7735 and 6035?
85
What is the greatest common factor of 6015 and 6?
3
Calculate the greatest common factor of 2071 and 63983.
109
What is the greatest common factor of 12228 and 18?
6
Calculate the greatest common factor of 1152 and 90240.
384
Calculate the highest common divisor of 55 and 88055.
55
What is the greatest common divisor of 40 and 271940?
20
Calculate the greatest common divisor of 19313 and 89.
89
Calculate the highest common factor of 2863925 and 15353.
1181
What is the highest common divisor of 33880 and 189640?
440
What is the highest common factor of 509163 and 43?
43
Calculate the highest common divisor of 314939 and 46.
23
Calculate the highest common factor of 75338 and 695.
139
What is the highest common factor of 8 and 113?
1
What is the highest common factor of 1152 and 816?
48
Calculate the greatest common divisor of 311355 and 85.
85
Calculate the highest common factor of 25481 and 1660.
83
What is the highest common divisor of 1331 and 2321?
11
What is the greatest common factor of 25 and 5981250?
25
Calculate the highest common factor of 227920 and 242.
22
What is the highest common divisor of 60 and 46875?
15
What is the greatest common factor of 1196 and 3641222?
598
What is the highest common factor of 2272 and 215982?
142
Calculate the highest common divisor of 4986 and 342.
18
Calculate the highest common factor of 4 and 286540.
4
What is the greatest common factor of 84 and 4183788?
84
Calculate the highest common divisor of 372 and 131595.
93
What is the greatest common divisor of 9750 and 2190?
30
Calculate the highest common factor of 878145 and 15.
15
What is the greatest common divisor of 1408 and 9878?
22
Calculate the greatest common factor of 246 and 2676.
6
Calculate the greatest common divisor of 168 and 225240.
24
Calculate the highest common divisor of 137513 and 34.
17
Calculate the highest common divisor of 39 and 59943.
39
What is the highest common divisor of 6 and 214356?
6
Calculate the greatest common factor of 380 and 48564.
76
Calculate the greatest common factor of 15 and 255675.
15
What is the highest common factor of 66866 and 134?
134
Calculate the highest common factor of 92 and 17273.
23
What is the highest common divisor of 23100 and 143?
11
Calculate the greatest common factor of 190107 and 6.
3
What is the greatest common factor of 80 and 441000?
40
Calculate the greatest common factor of 23350804 and 394.
394
Calculate the highest common divisor of 12065 and 76.
19
Calculate the greatest common divisor of 562 and 1696678.
562
What is the greatest common divisor of 45390 and 2346?
102
What is the highest common factor of 1441261 and 37?
37
Calculate the greatest common divisor of 850 and 10880.
170
What is the greatest common divisor of 25289 and 6479?
209
What is the greatest common factor of 2412 and 3141?
9
Calculate the highest common factor of 1998 and 5254.
74
What is the highest common divisor of 92207 and 27968?
437
Calculate the highest common factor of 1189539 and 1755.
351
Calculate the greatest common factor of 78620 and 160.
20
Calculate the highest common divisor of 3366 and 55386.
306
Calculate the highest common factor of 92492 and 684.
76
What is the highest common factor of 1912 and 2170359?
239
Calculate the highest common factor of 26367 and 204.
51
What is the highest common factor of 22142 and 194?
2
Calculate the greatest common divisor of 1662768 and 11664.
1296
What is the highest common divisor of 149431 and 391?
23
What is the greatest common divisor of 1930 and 4?
2
What is the highest common factor of 1335 and 6685235?
445
What is the greatest common divisor of 1955 and 3536?
17
Calculate the highest common factor of 3003 and 13398.
231
What is the greatest common factor of 190 and 58330?
190
What is the highest common factor of 1176 and 6048?
168
Calculate the highest common factor of 611 and 242463.
13
What is the highest common factor of 192 and 29064?
24
What is the highest common factor of 3487411 and 83?
83
What is the highest common factor of 2331426 and 174?
174
Calculate the greatest common factor of 774750 and 100.
50
What is the highest common factor of 12212 and 8520?
284
What is the greatest common divisor of 794 and 62?
2
What is the highest common divisor of 158316 and 15168?
948
What is the greatest common divisor of 700466 and 203?
29
Calculate the highest common divisor of 74 and 146.
2
What is the greatest common factor of 14 and 2475326?
14
What is the highest common divisor of 4320 and 7830?
270
What is the greatest common divisor of 540 and 13824?
108
Calculate the greatest common divisor of 190 and 26125.
95
Calculate the greatest common factor of 66 and 1632.
6
Calculate the greatest common factor of 11382 and 2940.
42
Calculate the highest common divisor of 26195 and 2197.
169
Calculate the highest common factor of 556120 and 40.
40
What is the greatest common divisor of 66637 and 37?
37
Calculate the highest common divisor of 2994981 and 2585.
517
What is the highest common divisor of 18109 and 169?
13
Calculate the highest common factor of 127120 and 2640.
80
What is the greatest common divisor of 3248 and 461680?
464
What is the highest common factor of 5551 and 7686?
427
What is the greatest common factor of 919215 and 495?
495
Calculate the highest common factor of 1210 and 2080.
10
What is the highest common divisor of 246570 and 30?
30
What is the greatest common divisor of 96 and 5556?
12
Calculate the highest common divisor of 16 and 670864.
16
What is the greatest common factor of 42570 and 172?
86
What is the greatest common factor of 7882 and 378?
14
Calculate the greatest common divisor of 378 and 1413153.
189
What is the highest common divisor of 440444 and 596?
596
What is the highest common factor of 9744 and 1776?
48
What is the greatest common divisor of 16 and 80356?
4
What is the highest common factor of 37308 and 108?
12
Calculate the greatest common divisor of 6970 and 574.
82
What is the highest common factor of 60 and 22580?
20
Calculate the highest common divisor of 2760 and 667.
23
What is the greatest common factor of 1552 and 188528?
16
Calculate the greatest common divisor of 156 and 1190696.
52
What is the greatest common divisor of 378142 and 258?
86
What is the highest common factor of 30191 and 399?
133
Calculate the greatest common divisor of 8442 and 7392.
42
What is the highest common divisor of 19829 and 237?
79
Calculate the greatest common factor of 264 and 6299172.
132
What is the greatest common factor of 3300 and 1848?
132
Calculate the greatest common factor of 15 and 1951575.
15
Calculate the highest common divisor of 28 and 11852.
4
Calculate the greatest common factor of 741152 and 23.
23
What is the highest common divisor of 88 and 513964?
44
Calculate the highest common factor of 256560 and 18.
6
What is the highest common factor of 182 and 390832?
26
Calculate the highest common factor of 1245 and 714381.
249
What is the greatest common factor of 207 and 391?
23
What is the highest common factor of 15750 and 306?
18
Calculate the highest common divisor of 656 and 17296.
16
What is the greatest common divisor of 9180 and 2880?
180
What is the highest common divisor of 13224 and 69312?
456
Calculate the greatest common factor of 339219 and 9.
9
Calculate the highest common factor of 400644 and 744.
372
What is the greatest common divisor of 202 and 158873?
101
What is the highest common factor of 8758 and 